- t + 13. Suppose -w + 5*k = 16, -w + 4*k = -5*w - 64. Let b = w - -16. Calculate h(b).
13
Let i be ((-14)/(-21))/(4/18). Let g(u) = 2*u**2 + 0*u**3 - 6*u**2 - 6*u - u**i + 2*u**3 + 3. What is g(5)?
-2
Let f(k) be the second derivative of -k**5/60 - k**4/4 + k**3 - 9*k**2/2 - 8*k. Let i(j) be the first derivative of f(j). Calculate i(-7).
-1
Let z(k) = 4*k**3 - 5*k**2 - 8*k + 2. Let t(u) = -3*u**3 + 5*u**2 + 7*u - 2. Let b(d) = 5*t(d) + 4*z(d). Give b(-4).
2
Let a(w) = -w**2 - 7*w - 8. Let k be (2 - 5)*(-15)/9. Suppose 0*z = -b - z - 1, -k*b = -2*z + 40. What is a(b)?
-2
Let z(x) = -4*x - 2. Let m be z(0). Let f(l) = -l**3 - 3*l**2 - 2*l - 1. What is f(m)?
-1
Let p(q) = 7*q - 1. Let l(d) = 6*d - 2. Let u(i) = -6*l(i) + 5*p(i). Determine u(10).
-3
Let v(h) = 56 + 40*h - 6*h**2 + 7*h**2 + 9*h**2 + 6*h**2. Let l(w) = 3*w**2 + 8*w + 11. Let q(r) = 11*l(r) - 2*v(r). Calculate q(-6).
-3
Let x(o) = 0 + 3 - 1 + o**3 + 3 + 4*o**2 - 5*o. Let p(b) = -8*b**2 - 3. Let q(a) = -17*a**2 + a - 7. Let h(m) = 5*p(m) - 2*q(m). Let r be h(-1). Give x(r).
5
Let m be 6/(-21) + 60/(-35). Let n = -1 - m. Let i(g) = 1 - 4*g**2 - g + 2*g**2 + 0*g**2. Calculate i(n).
-2
Suppose 0*r = r. Let u(x) be the third derivative of -1/3*x**3 + r + 0*x + 1/12*x**4 - x**2. Determine u(-4).
-10
Suppose 2*h = 7*h - 320. Let p be 10/25 - h/10. Let s(g) = -g**3 - 5*g**2 + 6*g - 5. Determine s(p).
-5
Let n(i) = i**2 - 9. Let x(u) = u**3 - 4*u**2 - 2*u + 6. Let y be x(4). Let r be 3*y/9*-3. Suppose 0 = r*j - j. Determine n(j).
-9
Let a(u) be the second derivative of -u**4/12 - 5*u**3/3 - 9*u**2/2 - 4*u + 1. Calculate a(-6).
15
Let d(u) = u**3 + 4*u + 2*u**2 + 2 + u**2 - u**2. Let x = -285 + 283. Calculate d(x).
-6
Suppose -4*m - m + 35 = 0. Suppose -5 = 2*d - m*d. Let p(z) = -3*z + 2. Let c(g) = g - 1. Let w(v) = d*p(v) + 2*c(v). Calculate w(4).
-4
Let q(n) = n**2 - 8*n + 3. Suppose 6*p + 20 = p. Let t(i) = i**2 - 7*i + 3. Let o(u) = p*q(u) + 5*t(u). Give o(2).
1
Let y be -2 - 3*3/(-9). Let l(c) = 5*c**2 + c + 1. Calculate l(y).
5
Let o(s) = 3*s + 2*s - 4*s - 2 + 1. Let j be (-3 - 1)/((-3)/(-3)). What is o(j)?
-5
Let o(n) be the second derivative of -n**4/3 - n**3/3 + n**2/2 + 25*n. Give o(1).
-5
Let t(a) be the second derivative of -a**3/6 - 3*a**2/2 - 31*a. Give t(-7).
4
Let j(w) = -w**3 + 4*w**2 + w - 5. Suppose 4*y - 24 = -4*d, 5*d + 7 = 5*y - 3. Give j(y).
-1
Suppose 3*t = 3*s + 27, -t - 4*s - 16 = -0*t. Let a(y) be the third derivative of 1/24*y**t + 2/3*y**3 + 3*y**2 + 0*y + 0. Determine a(-3).
1
Let h(w) be the third derivative of -w**6/60 - w**5/30 - w**4/12 - w**3/6 - 9*w**2. Calculate h(-2).
11
Suppose -2*z + 14 = 5*q, 2*z = -5*q + z + 17. Let g(t) be the third derivative of t**5/60 - t**4/4 + t**3 - 6*t**2. Give g(q).
-2
Let p(i) be the first derivative of -i**3/3 + 3*i**2/2 - 2*i + 15. What is p(2)?
0
Let l(q) = 2*q**2 - 2*q - 4. Let b be l(0). Let f(r) = r**2 + 5*r + 2. Calculate f(b).
-2
Let r(a) = a**3 - 2*a**2 - 3. Let u(o) = -o**3 - 5*o**2 - 4*o - 5. Let w be u(-4). Let n be (-2 - w)/3 + -1. Let i be (-4)/(-2) + 1 + n. What is r(i)?
6
Let s(h) = 6*h**2 + h. Let u = 1 - -3. Suppose -n + u*q - 30 = -9, 4*n - q + 9 = 0. Determine s(n).
5
Let a be -2 - 1/((-2)/4). Let q(g) = g - 6. Let d(v) = -v + 5. Let n(f) = 3*d(f) + 2*q(f). Determine n(a).
3
Let m(d) = d**3 + 2*d - 9. Let z(c) = -2*c**3 - 5*c + 19. Let v(l) = l**2 + 4*l + 5. Let r be v(-4). Let n(a) = r*m(a) + 2*z(a). Give n(0).
-7
Let f(l) = -l**2 - 7*l - 4. Suppose r + 34 - 11 = 0. Let u = 16 + r. Determine f(u).
-4
Let h = -3 - -7. Let c = 3 - 5. Let m(b) = -b - 8. Let f(w) = -1. Let a(i) = c*m(i) + 22*f(i). Give a(h).
2
Let o(r) = 2*r**2 + 0*r**3 - 1 - 2*r**3 - r**3 + 2 - 2*r. Let m(p) = -p**2 - 8*p + 10. Let z be (8 + 2 + -1)*-1. Let f be m(z). Determine o(f).
-2
Suppose 6*d - 24 = 2*d. Let i = -2 - -4. Let f(u) = -d*u + i*u + 1 - u. Give f(1).
-4
Suppose -3*k = 12 - 0. Let h(w) = w - 4. Determine h(k).
-8
Let k = -11 - -15. Let y(x) = x**2 - 5*x + 3. Calculate y(k).
-1
Let u(k) = -7*k + 1. Let x(i) = -i**2 + 7*i - 7. Let p be x(6). Let n be (-4 + p)*(-4)/4. Suppose -n*d - 5 = -0. What is u(d)?
8
Let k(p) = -p**3 - p**2 - p + 1. Let n(a) = a**3 + 2*a**2 + 2. Let m(j) = k(j) - n(j). Determine m(-2).
5
Let c = 4 - 11. Let z(s) = -5*s**3 - 3*s**2 + 2*s - 10. Let f(w) = -4*w**3 - 4*w**2 + w - 10. Let r(j) = 4*f(j) - 3*z(j). What is r(c)?
4
Let s(j) = j**3 - j**2. Let x be s(1). Let i(f) = f**3 - 5*f**2 - 7*f + 8. Let q be i(6). Suppose -12 = -x*u + q*u. Let o(v) = -v - 5. What is o(u)?
1
Suppose -s + 4 = -4*s - 2*x, -x = 4*s - 3. Let p be 2/5 + (-231)/(-35). Let a(z) = 1 - 3*z + p*z - 3*z + z. Calculate a(s).
5
Let p(l) be the first derivative of -2*l**3/3 + 3*l**2 + 6*l - 9. Calculate p(5).
-14
Let s(h) = -2 + 2*h + 0 + 0 - 6*h. What is s(-2)?
6
Let u(f) = -f**2 + f + 5. Let z(d) = -d**2 - 9*d - 14. Let o be z(-6). What is u(o)?
-7
Let m be (14 - 13)/((-2)/28). Suppose 3 = -b, -2*u + 4*b = -3 - 29. Let l = m + u. Let t(w) = -w**3 - 3*w**2 + 5*w - 2. Calculate t(l).
-6
Let h(t) = t - 2. Let r(g) = g - 3. Let z(x) = x**2 - 5*x + 2. Let l be z(4). Let v be 2 - 14/(4 + l). Let q(y) = v*r(y) + 6*h(y). Calculate q(0).
3
Let v(i) be the first derivative of -1/4*i**4 - 5/3*i**3 - i - i**2 + 1. Suppose 0 = o - 4*d + 16, 5*o - 5*d = 3*o - 23. Calculate v(o).
-9
Suppose -3*i - 10 + 16 = 0. Let b(u) = -3*u**2 + 2*u - 2. Give b(i).
-10
Let d(m) = -m**3 - 4*m**2 - m + 2. Let o be ((-2)/(-2) - 2)*2. Give d(o).
-4
Let q be (2/4)/(1/(-10)). Let m(d) be the second derivative of d**4/12 + d**3 + 3*d**2 + 26*d. Calculate m(q).
1
Let x(k) be the second derivative of 6*k + 7/2*k**2 - 1/12*k**4 - 1/6*k**3 + 0. What is x(0)?
7
Let h(l) be the third derivative of 3*l**2 + l**3 + 1/30*l**5 + 7/24*l**4 + 0 + 0*l. Calculate h(-4).
10
Let p(j) = 3*j - 1. Let m be 23/3 + (-3)/(-9). Let x(h) = -h**3 + 7*h**2 + 7*h + 6. Let i be x(m). Calculate p(i).
-7
Let g(u) = -u**3 + 7*u**2 + 4*u + 2. Let r be g(8). Let l be ((-15)/r)/((-1)/12). Let c(o) = -o**3 - 5*o**2 + 6*o + 8. Determine c(l).
8
Let c(n) = n - 1. Suppose 0 = v - 2*p - 6, 0*p - 4*p = -4*v + 24. Give c(v).
5
Let k(f) = -f**2 - 2*f - 4. Let r(n) = -n**3 - n**2 + n + 2. Let m be r(0). Let s be m + -4 + (0 - 1). Give k(s).
-7
Let j(r) = r**3 + 5*r**2 + 4*r + 6. Let b(d) = -d**2 + 12*d - 15. Let g be b(10). Suppose -3*k = 2*i + 30 - 7, -3*k + 26 = -g*i. Let w = i + 3. Give j(w).
6
Let k(p) = -2*p - 2. Suppose 0 = 2*r + 3*r - 15. Let y = r - 7. Give k(y).
6
Let m be (-18)/(-6)*-3 - (-2)/2. Let b(f) = -2*f - 9. Give b(m).
7
Suppose b + 9 = 4*b - 3*h, 0 = -h. Let j = b - 4. Let u(s) = -8*s**3. Calculate u(j).
8
Let o(w) = -7 + w**2 - 6*w + 2*w + 7*w + 3*w. Determine o(-8).
9
Suppose 2*m - q = -2*q - 3, 4*m - 5*q = -41. Let i(s) = -3*s**2 - 6*s. Calculate i(m).
-24
Let t = 4 + 6. Let u(m) = -7*m - 4*m + t*m. Suppose z + 0*z = 2. What is u(z)?
-2
Let u(s) be the second derivative of -s**3/6 + s**2/2 - s. Let z be u(-1). Let b(j) = -2*j**3 + 3*j**2 - 2*j. What is b(z)?
-8
Let h(j) = j**2 - 3*j + 7. Let x(q) = -q**2 + 3*q - 6. Let w(k) = 2*h(k) + 3*x(k). Calculate w(3).
-4
Let c = 1 - -1. Let a(s) = 3 + s - s + c*s - 3*s. Suppose 0 = 2*v + 6*n - 3*n + 3, 12 = v - 3*n. Calculate a(v).
0
Let z(g) = -4*g + 2. Suppose 5*j = -c + 2*c - 8, 4*j = -8. Determine z(c).
10
Let w be (-2 + 2)*1 + 2. Let z(q) = -13*q**3 - 3*q**2 + 15*q - 17. Let x(b) = -7*b**3 - 2*b**2 + 8*b - 9. Let m(c) = 11*x(c) - 6*z(c). Give m(w).
-9
Let a(m) be the second derivative of 1/6*m**4 + 0 + 1/20*m**5 + m**2 + 0*m**3 - 3*m. Calculate a(-2).
2
Let m(s) = -s**2 + 8*s - 3. Suppose y = 8 - 3. Let v(u) = 21*u - 16 + u + 19*u - y*u**2. Let c(k) = -11*m(k) + 2*v(k). Determine c(4).
-7
Suppose 5*y = -5, 3*l - 7*l + 17 = -5*y. Let n(r) = -4*r + 2. What is n(l)?
-10
Let i be -2 - 2/(-1 + 0). Let n(l) = -l**3 + i*l**2 - 5*l**2 - 7*l + 4*l. Let o(t) = t**3 - 13*t**2 + 11*t + 8. Let y be o(12). Determine n(y).
-4
Let o(a) = -3*a**3 + 2*a - 8*a**2 + 4*a**3 - 165 + 163. Calculate o(8).
14
Suppose 5*x = 5*o - 10, -3*x - 3*o + 15 = o. Let l(i) = -4*i**2 - 3*i**2 - i + 6*i**2. Give l(x).
-2
Let i(f) = 8*f**3 - 1 - 24*f + 8*f**2 + 17*f + 3. Let s(k) = -7*k**3 - 7*k**2 + 6*k - 2. Let j(v) = 6*i(v) + 7*s(v). Determine j(0).
-2
Suppose 0 = -4*y + 5*v - 